 
{"id":6042,"date":"2022-03-31T14:57:34","date_gmt":"2022-03-31T14:57:34","guid":{"rendered":"http:\/\/132.248.251.218\/wpArduino\/index.php\/practicas-con-dasa\/que-es-un-sonar-copy\/"},"modified":"2023-12-06T13:25:02","modified_gmt":"2023-12-06T13:25:02","slug":"sensor-dht11","status":"publish","type":"page","link":"https:\/\/iaciduino.enp.unam.mx\/index.php\/practicas-con-dasa\/sensor-dht11\/","title":{"rendered":"Sensor DHT11: Determinaci\u00f3n del grado de confort de una habitaci\u00f3n"},"content":{"rendered":"\n<p>Pr\u00e1cticas con DASA<\/p>\n\n\n\n<div class=\"wp-block-columns are-vertically-aligned-center has-background is-layout-flex wp-container-core-columns-is-layout-9d6595d7 wp-block-columns-is-layout-flex\" style=\"background-color:#f2f2f2\">\n<div class=\"wp-block-column is-vertically-aligned-center is-layout-flow wp-block-column-is-layout-flow\" style=\"flex-basis:20%\">\n<figure class=\"wp-block-image alignfull size-large\"><img decoding=\"async\" src=\"https:\/\/iaciduino.enp.unam.mx\/\/wpArduino\/wp-content\/uploads\/2021\/01\/ArmandoCircuitosAnimado-1.gif\" alt=\"\"\/><\/figure>\n<\/div>\n\n\n\n<div class=\"wp-block-column is-vertically-aligned-center is-layout-flow wp-block-column-is-layout-flow\">\n<figure class=\"wp-block-table is-style-regular\"><table class=\"has-background\" style=\"background-color:#e7f5fe\"><tbody><tr><td>T\u00edtulo de la pr\u00e1ctica:<\/td><td>Sensor DHT11: Determinaci\u00f3n del grado de confort de una habitaci\u00f3n<\/td><\/tr><tr><td>Objetivo:<\/td><td>El alumno utilice la estructura de control condicional para determinar el grado de confort de una habitaci\u00f3n a partir de la temperatura y humedad registrados por medio del sensor de humedad DHT11.<\/td><\/tr><tr><td>Tiempo estimado:<\/td><td>50 minutos<\/td><\/tr><tr><td>Nivel de dificultad:<\/td><td>Avanzado<\/td><\/tr><tr><td>Autor:<\/td><td>Miguel Angel Ba\u00f1uelos Saucedo<\/td><\/tr><\/tbody><\/table><\/figure>\n<\/div>\n<\/div>\n\n\n\n<div style=\"height:50px\" aria-hidden=\"true\" class=\"wp-block-spacer\"><\/div>\n\n\n\n<div class=\"wp-block-group\"><div class=\"wp-block-group__inner-container is-layout-flow wp-block-group-is-layout-flow\">\n<h2><span style=\"color: #002b7a;\">Introducci\u00f3n<\/span><\/h2>\n<p>Dos de los aspectos que m\u00e1s influyen en el grado de confort de un ambiente de trabajo son la temperatura y la humedad. El sensor DHT11 permite medir temperaturas entre 0 \u00b0C y 50 \u00b0C y humedades relativas entre 20% y 90%. Ambos par\u00e1metros, temperatura y humedad, tambi\u00e9n son \u00fatiles en la operaci\u00f3n de plantas industriales, sistemas de cultivo de invernadero, almacenes de productos, etc.&nbsp;<\/p>\n\n\n\n<div style=\"height:49px\" aria-hidden=\"true\" class=\"wp-block-spacer\"><\/div>\n<\/div><\/div>\n\n\n\n<div class=\"wp-block-group\"><div class=\"wp-block-group__inner-container is-layout-flow wp-block-group-is-layout-flow\">\n<h2 class=\"wp-block-heading\"><mark style=\"background-color:rgba(0, 0, 0, 0);color:#002a7b\" class=\"has-inline-color\">Materiales<\/mark><\/h2>\n\n\n\n<figure class=\"wp-block-gallery has-nested-images columns-4 wp-block-gallery-1 is-layout-flex wp-block-gallery-is-layout-flex\">\n<figure class=\"wp-block-image size-large\"><img loading=\"lazy\" decoding=\"async\" width=\"798\" height=\"600\" data-id=\"3888\" src=\"https:\/\/iaciduino.enp.unam.mx\/wp-content\/uploads\/2021\/12\/computadora-1.png\" alt=\"computadora\" class=\"wp-image-3888\" srcset=\"https:\/\/iaciduino.enp.unam.mx\/wp-content\/uploads\/2021\/12\/computadora-1.png 798w, https:\/\/iaciduino.enp.unam.mx\/wp-content\/uploads\/2021\/12\/computadora-1-300x226.png 300w, https:\/\/iaciduino.enp.unam.mx\/wp-content\/uploads\/2021\/12\/computadora-1-768x577.png 768w\" sizes=\"auto, (max-width: 798px) 100vw, 798px\" \/><figcaption class=\"wp-element-caption\">Computadora<\/figcaption><\/figure>\n\n\n\n<figure class=\"wp-block-image size-large\"><img loading=\"lazy\" decoding=\"async\" width=\"1024\" height=\"768\" data-id=\"3782\" src=\"https:\/\/iaciduino.enp.unam.mx\/wp-content\/uploads\/2021\/12\/tarjeta_arduino-1024x768.png\" alt=\"tarjeta_arduino\" class=\"wp-image-3782\" srcset=\"https:\/\/iaciduino.enp.unam.mx\/wp-content\/uploads\/2021\/12\/tarjeta_arduino-1024x768.png 1024w, https:\/\/iaciduino.enp.unam.mx\/wp-content\/uploads\/2021\/12\/tarjeta_arduino-300x225.png 300w, https:\/\/iaciduino.enp.unam.mx\/wp-content\/uploads\/2021\/12\/tarjeta_arduino-768x576.png 768w, https:\/\/iaciduino.enp.unam.mx\/wp-content\/uploads\/2021\/12\/tarjeta_arduino-1536x1152.png 1536w, https:\/\/iaciduino.enp.unam.mx\/wp-content\/uploads\/2021\/12\/tarjeta_arduino-2048x1536.png 2048w\" sizes=\"auto, (max-width: 1024px) 100vw, 1024px\" \/><figcaption class=\"wp-element-caption\">Tarjeta Arduino UNO<\/figcaption><\/figure>\n\n\n\n<figure class=\"wp-block-image size-large\"><img loading=\"lazy\" decoding=\"async\" width=\"1024\" height=\"768\" data-id=\"5468\" src=\"https:\/\/iaciduino.enp.unam.mx\/wp-content\/uploads\/2022\/02\/DASA1-1024x768.png\" alt=\"Tarjeta-DASA\" class=\"wp-image-5468\" srcset=\"https:\/\/iaciduino.enp.unam.mx\/wp-content\/uploads\/2022\/02\/DASA1-1024x768.png 1024w, https:\/\/iaciduino.enp.unam.mx\/wp-content\/uploads\/2022\/02\/DASA1-300x225.png 300w, https:\/\/iaciduino.enp.unam.mx\/wp-content\/uploads\/2022\/02\/DASA1-768x576.png 768w, https:\/\/iaciduino.enp.unam.mx\/wp-content\/uploads\/2022\/02\/DASA1-1536x1152.png 1536w, https:\/\/iaciduino.enp.unam.mx\/wp-content\/uploads\/2022\/02\/DASA1-2048x1536.png 2048w\" sizes=\"auto, (max-width: 1024px) 100vw, 1024px\" \/><\/figure>\n\n\n\n<figure class=\"wp-block-image size-large\"><img loading=\"lazy\" decoding=\"async\" width=\"1024\" height=\"768\" data-id=\"3877\" src=\"https:\/\/iaciduino.enp.unam.mx\/wp-content\/uploads\/2021\/12\/cable-usb-1024x768.png\" alt=\"cable-usb\" class=\"wp-image-3877\" srcset=\"https:\/\/iaciduino.enp.unam.mx\/wp-content\/uploads\/2021\/12\/cable-usb-1024x768.png 1024w, https:\/\/iaciduino.enp.unam.mx\/wp-content\/uploads\/2021\/12\/cable-usb-300x225.png 300w, https:\/\/iaciduino.enp.unam.mx\/wp-content\/uploads\/2021\/12\/cable-usb-768x576.png 768w, https:\/\/iaciduino.enp.unam.mx\/wp-content\/uploads\/2021\/12\/cable-usb-1536x1152.png 1536w, https:\/\/iaciduino.enp.unam.mx\/wp-content\/uploads\/2021\/12\/cable-usb-2048x1536.png 2048w\" sizes=\"auto, (max-width: 1024px) 100vw, 1024px\" \/><figcaption class=\"wp-element-caption\">Cable USB-AB<\/figcaption><\/figure>\n\n\n\n<figure class=\"wp-block-image size-large\"><img loading=\"lazy\" decoding=\"async\" width=\"1024\" height=\"768\" data-id=\"6045\" src=\"https:\/\/iaciduino.enp.unam.mx\/wp-content\/uploads\/2022\/03\/DHT11-1024x768.png\" alt=\"\" class=\"wp-image-6045\" srcset=\"https:\/\/iaciduino.enp.unam.mx\/wp-content\/uploads\/2022\/03\/DHT11-1024x768.png 1024w, https:\/\/iaciduino.enp.unam.mx\/wp-content\/uploads\/2022\/03\/DHT11-300x225.png 300w, https:\/\/iaciduino.enp.unam.mx\/wp-content\/uploads\/2022\/03\/DHT11-768x576.png 768w, https:\/\/iaciduino.enp.unam.mx\/wp-content\/uploads\/2022\/03\/DHT11-1536x1152.png 1536w, https:\/\/iaciduino.enp.unam.mx\/wp-content\/uploads\/2022\/03\/DHT11-2048x1536.png 2048w\" sizes=\"auto, (max-width: 1024px) 100vw, 1024px\" \/><figcaption class=\"wp-element-caption\">Sensor de temperatura y humedad DHT11<\/figcaption><\/figure>\n\n\n\n<figure class=\"wp-block-image size-large\"><img loading=\"lazy\" decoding=\"async\" width=\"1024\" height=\"768\" data-id=\"6044\" src=\"https:\/\/iaciduino.enp.unam.mx\/wp-content\/uploads\/2022\/03\/protoboard-1024x768.jpg\" alt=\"\" class=\"wp-image-6044\" srcset=\"https:\/\/iaciduino.enp.unam.mx\/wp-content\/uploads\/2022\/03\/protoboard-1024x768.jpg 1024w, https:\/\/iaciduino.enp.unam.mx\/wp-content\/uploads\/2022\/03\/protoboard-300x225.jpg 300w, https:\/\/iaciduino.enp.unam.mx\/wp-content\/uploads\/2022\/03\/protoboard-768x576.jpg 768w, https:\/\/iaciduino.enp.unam.mx\/wp-content\/uploads\/2022\/03\/protoboard-1536x1152.jpg 1536w, https:\/\/iaciduino.enp.unam.mx\/wp-content\/uploads\/2022\/03\/protoboard-2048x1536.jpg 2048w\" sizes=\"auto, (max-width: 1024px) 100vw, 1024px\" \/><figcaption class=\"wp-element-caption\">Protoboard<\/figcaption><\/figure>\n\n\n\n<figure class=\"wp-block-image size-large\"><img loading=\"lazy\" decoding=\"async\" width=\"1024\" height=\"768\" data-id=\"4278\" src=\"https:\/\/iaciduino.enp.unam.mx\/wp-content\/uploads\/2021\/12\/cable-macho-macho-1024x768.png\" alt=\"\" class=\"wp-image-4278\" srcset=\"https:\/\/iaciduino.enp.unam.mx\/wp-content\/uploads\/2021\/12\/cable-macho-macho-1024x768.png 1024w, https:\/\/iaciduino.enp.unam.mx\/wp-content\/uploads\/2021\/12\/cable-macho-macho-300x225.png 300w, https:\/\/iaciduino.enp.unam.mx\/wp-content\/uploads\/2021\/12\/cable-macho-macho-768x576.png 768w, https:\/\/iaciduino.enp.unam.mx\/wp-content\/uploads\/2021\/12\/cable-macho-macho-1536x1152.png 1536w, https:\/\/iaciduino.enp.unam.mx\/wp-content\/uploads\/2021\/12\/cable-macho-macho-2048x1536.png 2048w\" sizes=\"auto, (max-width: 1024px) 100vw, 1024px\" \/><figcaption class=\"wp-element-caption\">3 Cables jumper macho-macho<\/figcaption><\/figure>\n\n\n\n<figure class=\"wp-block-image size-large\"><img loading=\"lazy\" decoding=\"async\" width=\"296\" height=\"296\" data-id=\"1375\" src=\"https:\/\/iaciduino.enp.unam.mx\/wp-content\/uploads\/2020\/12\/nomaterial2.png\" alt=\"\" class=\"wp-image-1375\"\/><\/figure>\n<\/figure>\n\n\n\n<div style=\"height:50px\" aria-hidden=\"true\" class=\"wp-block-spacer\"><\/div>\n\n\n\n<h4><span style=\"color: #002b7a\">Programas<\/span><\/h4>\n<p>Arduino IDE. Disponible en: <a href=\"https:\/\/www.arduino.cc\/en\/software\" target=\"_blank\" rel=\"noreferrer noopener\">https:\/\/www.arduino.cc\/en\/software<\/a><\/p>\n<\/div><\/div>\n\n\n\n<div style=\"height:50px\" aria-hidden=\"true\" class=\"wp-block-spacer\"><\/div>\n\n\n\n<h2 class=\"wp-block-heading\"><mark style=\"background-color:rgba(0, 0, 0, 0);color:#002a7b\" class=\"has-inline-color\">Desarrollo<\/mark><\/h2>\n\n\n<p>En esta pr\u00e1ctica deber\u00e1s desarrollar un programa que indique mediante una se\u00f1al visual (LEDs rojo, amarillo y verde), una se\u00f1al auditiva (zumbador), o de texto (display LCD), el grado de confort de un ambiente de trabajo. Deber\u00e1s investigar cu\u00e1les son los intervalos de temperatura y humedad que se consideran adecuados y cu\u00e1les no.<\/p>\n<p>Si decides indicar el grado de confort mediante texto, requerir\u00e1s utilizar el display LCD integrado en la tarjeta DASA. Si no est\u00e1s familiarizado con su uso, es conveniente que revises la pr\u00e1ctica <a href=\"http:\/\/132.248.251.218\/wpArduino\/index.php\/practicas-con-dasa\/display-lcd-2\/\" target=\"_blank\" rel=\"noopener noreferrer\">Impresi\u00f3n de informaci\u00f3n con un display LCD<\/a>.<\/p>\n<p>Para conocer el funcionamiento del sensor de temperatura y humedad DHT11 y c\u00f3mo descargar e instalar las bibliotecas necesarias para programarlo en Arduino, te invitamos a que revises el siguiente video:<\/p>\n<p><\/p>\n\n\n<figure class=\"wp-block-embed is-type-video is-provider-youtube wp-block-embed-youtube wp-embed-aspect-16-9 wp-has-aspect-ratio\"><div class=\"wp-block-embed__wrapper\">\n<iframe loading=\"lazy\" title=\"DHT11. Utilizando un sensor de temperatura y humedad con Arduino\" width=\"720\" height=\"405\" src=\"https:\/\/www.youtube.com\/embed\/j-Q0WB852qE?feature=oembed\" frameborder=\"0\" allow=\"accelerometer; autoplay; clipboard-write; encrypted-media; gyroscope; picture-in-picture\" allowfullscreen><\/iframe>\n<\/div><figcaption class=\"wp-element-caption\">Sensor de temperatura y humedad DHT11<\/figcaption><\/figure>\n\n\n\n<div style=\"height:50px\" aria-hidden=\"true\" class=\"wp-block-spacer\"><\/div>\n\n\n<h4><span style=\"color: #0000ff;\">Construcci\u00f3n del circuito electr\u00f3nico<\/span><\/h4>\n<p>Conecta el sensor de temperatura y humedad DHT11 a la tarjeta DASA como se muestra en la Figura 1. Los siguientes pasos detallan el proceso:<\/p>\n<ol>\n<li>Introduce los tres pines del sensor DHT11en la protoboard.<\/li>\n<li>La terminal del sensor DHT11 marcada con la letra D corresponde a la l\u00ednea de datos digitales. Toma un cable jumper macho-macho y conecta esta terminal a la l\u00ednea D6 del header de la tarjeta DASA.<\/li>\n<li>Toma otro cable macho-macho y conecta la terminal del sensor DHT11 marcada con la letra G a la l\u00ednea GND del header de la tarjeta DASA.<\/li>\n<li>Finalmente, con otro cable macho-macho conecta la terminal del sensor DHT11 marcada con la letra V a la l\u00ednea VCC del header de la tarjeta DASA.<\/li>\n<\/ol>\n\n\n<div style=\"height:50px\" aria-hidden=\"true\" class=\"wp-block-spacer\"><\/div>\n\n\n<div class=\"wp-block-image\">\n<figure class=\"aligncenter size-large is-resized\"><img loading=\"lazy\" decoding=\"async\" src=\"https:\/\/iaciduino.enp.unam.mx\/wp-content\/uploads\/2022\/03\/DHT11_fig1-1024x863.jpg\" alt=\"\" width=\"768\" height=\"647\"\/><figcaption class=\"wp-element-caption\">Figura 1 Conexi\u00f3n del sensor DHT11 a la tarjeta DASA <\/figcaption><\/figure><\/div>\n\n\n<div style=\"height:50px\" aria-hidden=\"true\" class=\"wp-block-spacer\"><\/div>\n\n\n\n<p><em>Nota: si no cuentas con un DASA, puedes construir el circuito electr\u00f3nico mostrado en la Figura 2.<\/em><\/p>\n\n\n\n<figure class=\"wp-block-image size-large is-resized\"><img loading=\"lazy\" decoding=\"async\" src=\"https:\/\/iaciduino.enp.unam.mx\/wp-content\/uploads\/2022\/03\/DHT11_fig2-1024x676.png\" alt=\"\" width=\"1024\" height=\"676\"\/><figcaption class=\"wp-element-caption\">Figura 2 Diagrama de conexiones de un display LCD y un sensor DHT11 a la tarjeta Arduino UNO<\/figcaption><\/figure>\n\n\n\n<div style=\"height:50px\" aria-hidden=\"true\" class=\"wp-block-spacer\"><\/div>\n\n\n<h4><span style=\"color: #0000ff;\">Programaci\u00f3n del circuito electr\u00f3nico<\/span><\/h4>\n<p>Un programa b\u00e1sico que lee el sensor DHT11 e imprime los valores de temperatura y humedad en un display LCD se muestra a continuaci\u00f3n:<\/p>\n<pre>\/* LCD_DHT11<br> * Programa que lee un sensor DHT11<br> * y despliega los datos en el LCD<br> * Basado en el c\u00f3digo de ejemplo<br> * UNAM 2021<br> * Se requiren las bibliotecas disponibles en:<br> * <a href=\"https:\/\/github.com\/adafruit\/Adafruit_Sensor\">https:\/\/github.com\/adafruit\/Adafruit_Sensor<\/a><br> * <a href=\"https:\/\/github.com\/adafruit\/DHT-sensor-library\">https:\/\/github.com\/adafruit\/DHT-sensor-library<\/a><br> *<br> *\/<br><span style=\"color: #339966;\">#include<\/span> &lt;<strong>L<\/strong><span style=\"color: #ff6600;\">iquidCrystal<\/span>.h&gt;<br><span style=\"color: #339966;\">#include<\/span> &lt;<span style=\"color: #ff6600;\">DHT<\/span>.h&gt; &nbsp;&nbsp;<br><span style=\"color: #0000ff;\">int const<\/span> DHTPIN = 6; &nbsp;&nbsp;&nbsp;&nbsp;\/\/ Datos del sensor en D6<br><span style=\"color: #339966;\">#include<\/span> DHTTYPE DHT11 &nbsp;&nbsp;\/\/ DHT 11<br><span style=\"color: #ff6600;\">DHT<\/span> dht(DHTPIN, DHTTYPE);<br><span style=\"color: #ff6600;\">LiquidCrystal<\/span> lcd(13, 12, 11, 10, 9, 8);<br><br>void <span style=\"color: #339966;\">setup<\/span>() {<br> &nbsp; lcd.<span style=\"color: #ff6600;\">begin<\/span>(16, 2); &nbsp;&nbsp;\/\/ LCD es de 2 renglones y 16 caracteres<br> &nbsp; dht.<span style=\"color: #ff6600;\">begin<\/span>();<br> &nbsp; lcd.<span style=\"color: #ff6600;\">setCursor<\/span>(0,0); &nbsp;&nbsp;\/\/ Primer rengl\u00f3n<br> &nbsp; lcd.<span style=\"color: #ff6600;\">print<\/span>(<span style=\"color: #333399;\">\"Temp=\"<\/span>);<br> &nbsp; lcd.<span style=\"color: #ff6600;\">setCursor<\/span>(0,1); &nbsp;&nbsp;&nbsp;\/\/ Segundo rengl\u00f3n<br> &nbsp; lcd.<span style=\"color: #ff6600;\">print<\/span>(\"HR=\");<br>}<br><br>void <span style=\"color: #339966;\">loop<\/span>() {<br> &nbsp; <span style=\"color: #ff6600;\">delay<\/span>(2000); &nbsp;\/\/Retardo en tre medici\u00f3nes<br>   int h = dht.<span style=\"color: #ff6600;\">readHumidity<\/span>();<br> &nbsp; int t = dht.<span style=\"color: #ff6600;\">readTemperature<\/span>(); &nbsp;\/\/Lee Celsius<br> &nbsp; lcd.<span style=\"color: #ff6600;\">setCursor<\/span>(5,0);<br> &nbsp; lcd.<span style=\"color: #ff6600;\">print<\/span>(t);<br> &nbsp; lcd.<span style=\"color: #ff6600;\">write<\/span>(<span style=\"color: #0000ff;\">char<\/span>(223));<br> &nbsp; lcd.<span style=\"color: #ff6600;\">print<\/span>(<span style=\"color: #333399;\">\"C\"<\/span>);<br> &nbsp; lcd.<span style=\"color: #ff6600;\">setCursor<\/span>(3,1);<br> &nbsp; lcd.<span style=\"color: #ff6600;\">print<\/span>(h);<br> &nbsp; lcd.<span style=\"color: #ff6600;\">print<\/span>(<span style=\"color: #333399;\">\"%\"<\/span>);<br>}<\/pre>\n<p>Investiga los valores de temperatura y humedad que se consideran intervalos de confort en un ambiente de trabajo y modifica el programa anterior para que se indique ya sea de manera visual (LEDs), ac\u00fastica (zumbador) o con mensaje de texto (display LCD), si el grado de confort es malo, regular u \u00f3ptimo.<\/p>\n\n\n<div style=\"height:50px\" aria-hidden=\"true\" class=\"wp-block-spacer\"><\/div>\n\n\n<h2><span style=\"color: #002b7a;\">Resultados<\/span><\/h2>\n<p>Presenta la operaci\u00f3n de tu dispositivo a la clase y compara tu dise\u00f1o con el de otros equipos.<\/p>\n\n\n<div style=\"height:50px\" aria-hidden=\"true\" class=\"wp-block-spacer\"><\/div>\n\n\n<h2><span style=\"color: #002b7a;\">Discusi\u00f3n y conclusiones<\/span><\/h2>\n<p>Responde las siguientes preguntas:<\/p>\n<ol>\n<li>\u00bfQu\u00e9 aprendiste con esta pr\u00e1ctica?<\/li>\n<li>\u00bfCu\u00e1les fueron los rangos de valores de temperatura y humedad que utilizaste para considerar los grados de confort en el ambiente de trabajo?<\/li>\n<li>\u00bfCu\u00e1l fue el criterio que utilizaste para escoger el tipo de se\u00f1al (visual, auditiva o texto)?<\/li>\n<li>\u00bfQu\u00e9 aplicaciones le dar\u00edas al sistema desarrollado?<\/li>\n<li>\u00bfC\u00f3mo se modificar\u00eda el sistema si se aplicara a un invernadero?<\/li>\n<\/ol>\n\n\n<div style=\"height:50px\" aria-hidden=\"true\" class=\"wp-block-spacer\"><\/div>\n\n\n<h2><span style=\"color: #002b7a;\">Referencias<\/span><\/h2>\n<p>Arduino. (2021). Language Reference.&nbsp;<a href=\"https:\/\/www.arduino.cc\/reference\/en\/\" target=\"_blank\" rel=\"noopener noreferrer\">https:\/\/www.arduino.cc\/reference\/en\/<\/a><\/p>\n<p>Ba\u00f1uelos, M., Pacheco, M. y Villegas, R. (2022). Dispositivo Automatizado de Sensores Arduino (DASA). Manual de usuario.&nbsp;<\/p>\n\n\n<div style=\"height:60px\" aria-hidden=\"true\" class=\"wp-block-spacer\"><\/div>\n\n\n\n<div class=\"wp-block-columns is-layout-flex wp-container-core-columns-is-layout-9d6595d7 wp-block-columns-is-layout-flex\">\n<div class=\"wp-block-column is-layout-flow wp-block-column-is-layout-flow\">\n<p><a href=\"https:\/\/iaciduino.enp.unam.mx\/index.php\/practicas-con-dasa\/sistema-de-acceso-estacionamiento\/\">&lt; Pr\u00e1ctica Sistema de acceso a un estacionamiento<\/a><\/p>\n<\/div>\n\n\n\n<div class=\"wp-block-column is-layout-flow wp-block-column-is-layout-flow\">\n<p class=\"has-text-align-right\"><a href=\"https:\/\/iaciduino.enp.unam.mx\/index.php\/practicas-con-dasa\/que-es-un-sonar\/\">Pr\u00e1ctica \u00bfQu\u00e9 es un sonar? &gt;<\/a><\/p>\n<\/div>\n<\/div>\n","protected":false},"excerpt":{"rendered":"<p>Pr\u00e1cticas con DASA T\u00edtulo de la pr\u00e1ctica: Sensor DHT11: Determinaci\u00f3n del grado de confort de una habitaci\u00f3n Objetivo: El alumno utilice la estructura de control condicional para determinar el grado de confort de una habitaci\u00f3n a partir de la temperatura<\/p>\n","protected":false},"author":3,"featured_media":0,"parent":352,"menu_order":6,"comment_status":"closed","ping_status":"closed","template":"","meta":{"footnotes":""},"class_list":["post-6042","page","type-page","status-publish","hentry"],"_links":{"self":[{"href":"https:\/\/iaciduino.enp.unam.mx\/index.php\/wp-json\/wp\/v2\/pages\/6042","targetHints":{"allow":["GET"]}}],"collection":[{"href":"https:\/\/iaciduino.enp.unam.mx\/index.php\/wp-json\/wp\/v2\/pages"}],"about":[{"href":"https:\/\/iaciduino.enp.unam.mx\/index.php\/wp-json\/wp\/v2\/types\/page"}],"author":[{"embeddable":true,"href":"https:\/\/iaciduino.enp.unam.mx\/index.php\/wp-json\/wp\/v2\/users\/3"}],"replies":[{"embeddable":true,"href":"https:\/\/iaciduino.enp.unam.mx\/index.php\/wp-json\/wp\/v2\/comments?post=6042"}],"version-history":[{"count":9,"href":"https:\/\/iaciduino.enp.unam.mx\/index.php\/wp-json\/wp\/v2\/pages\/6042\/revisions"}],"predecessor-version":[{"id":6916,"href":"https:\/\/iaciduino.enp.unam.mx\/index.php\/wp-json\/wp\/v2\/pages\/6042\/revisions\/6916"}],"up":[{"embeddable":true,"href":"https:\/\/iaciduino.enp.unam.mx\/index.php\/wp-json\/wp\/v2\/pages\/352"}],"wp:attachment":[{"href":"https:\/\/iaciduino.enp.unam.mx\/index.php\/wp-json\/wp\/v2\/media?parent=6042"}],"curies":[{"name":"wp","href":"https:\/\/api.w.org\/{rel}","templated":true}]}}